(-7). Suppose -r - 2*k = -14, 3*r = -r - u*k + 50. What are the prime factors of r?
2, 3
Let l(a) be the second derivative of a**3/6 + a. Let q be l(-5). List the prime factors of (0 + -1)/(1/q).
5
Suppose -2*y + 3*m = -4*y + 414, y = -3*m + 204. List the prime factors of y.
2, 3, 5, 7
Suppose -45 = 2*b + 3*b. Let r(y) = -y**3 - 7*y**2 + 11*y - 11. What are the prime factors of r(b)?
2, 13
Suppose -1015 = -62*n + 57*n. What are the prime factors of n?
7, 29
Let x(p) = 4*p**2 - 2. List the prime factors of x(2).
2, 7
Let l = -4 + 8. Suppose -2*x - l*z + 54 = 0, 3*x - 4*z + 0*z - 81 = 0. List the prime factors of x.
3
Suppose 2*l = -2*j - 0*l - 2, 16 = -j + 2*l. What are the prime factors of (15/j)/((-2)/4)?
5
List the prime factors of ((-288)/(-20) + -4)*5.
2, 13
Let j be 28/(-6) + 2/3. Let y = j + -2. List the prime factors of 51*((-20)/y + -3).
17
Suppose 4*k = 8*k - 272. What are the prime factors of k?
2, 17
Let a(u) = u**3 + 3*u**2 - 2*u + 1. Let c(j) = -j**2 - 2*j + 1. Let p be c(-3). What are the prime factors of a(p)?
3
What are the prime factors of 177 + -15 - (1 + -2 + 2)?
7, 23
Suppose 3*k + 229 = 5*a, -6*k + 8 = -2*k. What are the prime factors of a?
47
Suppose 0 = -4*o - 4*v - 212, 5*o + 132 = 2*v - 140. Let y = 95 + o. What are the prime factors of y?
41
Let o be (-5 - 0) + 5 + -2. Let k be 50 + (-1 - (o + -1)). Suppose 4*m - 2*x = 18 + k, -5*m - 4*x + 107 = 0. List the prime factors of m.
19
Suppose -4*x - 2*f - 4 = 0, -3*f = -x - 0*f - 1. Let v(y) = -2*y**3 + 14*y**2 - 2*y - 7. Let h be v(7). Let j = x - h. List the prime factors of j.
2, 5
What are the prime factors of (-6)/(-27) + (-1209)/(-27)?
3, 5
Suppose z + 4*z - 225 = 0. List the prime factors of z.
3, 5
Let w(z) = 4*z**3. What are the prime factors of w(3)?
2, 3
Let x be ((-21)/(-14))/(9/12). Suppose -x*g = g - 18. What are the prime factors of g?
2, 3
Let j(s) = 2*s**2 - 7*s - 1. Let c = -5 + 10. What are the prime factors of j(c)?
2, 7
Suppose -3*f + 4 + 11 = 0. Suppose -s - 23 = -f*t, -2*t + 12 = -s + 2*s. List the prime factors of s.
2
Let p(y) = 9*y - 1. Suppose -5*c - 7 = -17. What are the prime factors of p(c)?
17
Suppose 6*p + 5*g - 190 = 3*p, 4*g = -16. What are the prime factors of p?
2, 5, 7
Let y(o) = -7*o**3 + 2*o + 1. Let p be 5/10*(-1 - 1). List the prime factors of y(p).
2, 3
Let r(p) = -p**2 + 10*p - 7. Let s be r(8). Suppose -c + s + 2 = 0. List the prime factors of c.
11
Let r = 8 + -3. Suppose 1 = v + z, -r*v + 0*v - 2*z - 10 = 0. List the prime factors of (-2)/3*v*3.
2
Let w = 894 + -555. List the prime factors of w.
3, 113
Let i(w) = 3*w**2 - 3*w - 11. List the prime factors of i(-4).
7
Suppose 6*u = 4*u - 36. Let k = u + 25. List the prime factors of k.
7
Let w = 5 + -1. Suppose s + w*s = -95. Let x = -13 - s. List the prime factors of x.
2, 3
Let r(y) = y**2 - 9*y + 6. Let a(s) = -3*s**2 + 28*s - 18. Let o(z) = -2*a(z) - 7*r(z). List the prime factors of o(5).
2
Suppose 2*l = 3*l - 42. List the prime factors of l.
2, 3, 7
Suppose 6*j - 156 = 3*j. Suppose -2*o = -0 - j. List the prime factors of o.
2, 13
List the prime factors of 24/((-5)/(125/(-10))).
2, 3, 5
Let v(b) = -b**2 - 2*b + 1. Let m be v(-2). What are the prime factors of -1*(m/(-1) + -16)?
17
Let n = 7 - 4. Suppose 0*l - 78 = -n*l. Suppose 4*p - 3*f = l, p - 10 = -0*f - f. What are the prime factors of p?
2
Suppose h - 2*h + 16 = -m, 4 = h + 5*m. Suppose 0*a - 2*a = -h. What are the prime factors of a?
7
Suppose 11 = 3*t - 7. Suppose -t*f + f = 0. Suppose 2*b - 10 = f, 3*s = -b + 14 + 18. List the prime factors of s.
3
Let n(u) = -u**2 - u - 2. Let j be n(0). List the prime factors of j + 28 - (4 - 2).
2, 3
Suppose -557 + 44 = -9*u. List the prime factors of u.
3, 19
Let d be (-65)/15*12/2. Let y = 61 + d. Let c = y - 22. What are the prime factors of c?
13
Suppose 10*u = 11*u - 50. What are the prime factors of u?
2, 5
Let w = 139 + -90. List the prime factors of w.
7
Let y be 1 + -2 + (-5)/(-5). Suppose -m - b = -13, y*m = -5*m + 4*b + 38. List the prime factors of m.
2, 5
Let j = 61 - 25. What are the prime factors of j?
2, 3
Suppose 0 = -2*c - d, -3*d + 0*d - 14 = -c. What are the prime factors of (3 + c)*14/10?
7
Let d be 57 - 1 - 6/3. Suppose -25*c + 23*c = -d. List the prime factors of c.
3
Let o = 12 + -2. What are the prime factors of -2*(o/(-4) - 0)?
5
Suppose -3*z + 0*z = 9. List the prime factors of (26/6)/(z/(-9)).
13
Let f = 0 + 16. What are the prime factors of f?
2
Suppose 0*x = x. Suppose 0 = 2*h + 3*b + b - 30, 4*h - 2*b - 80 = x. List the prime factors of h.
19
What are the prime factors of 5/(-5)*(-7 - -2)?
5
Suppose -5*n + 98 = 3*f + 9, 54 = 3*n + 2*f. What are the prime factors of n?
2
Let d(p) = 2*p**2 + 3*p + 2. Let n(o) = -o**3 + 3*o**2 - 3*o. Let h be n(2). Let b be d(h). Suppose -38 - 10 = -b*c. List the prime factors of c.
2, 3
Suppose 0*n = 4*n - 64. Suppose n - 4 = 2*r. Suppose -3*z = -k + 27 - r, -k - 3 = 5*z. What are the prime factors of k?
2, 3
Let m(p) = -7*p + 5*p**2 + p**3 + p**2 + 3 + 2. List the prime factors of m(-7).
5
Let v(r) be the second derivative of r**4/12 - 7*r**3/6 + 9*r**2/2 - 4*r. What are the prime factors of v(8)?
17
Let z(r) be the second derivative of -r**4/12 + 2*r**3/3 + r**2 - r. Let x be z(4). Suppose 26 = 4*f - 3*t, 3*f = -0*f + x*t + 19. List the prime factors of f.
5
Let t(k) be the third derivative of k**6/120 + k**5/6 - 13*k**4/24 - k**3/2 - 32*k**2. Let c be 3/12 - (-45)/(-4). List the prime factors of t(c).
19
Let r = 62 + -55. List the prime factors of r.
7
Let p(i) = -i**2 + 19*i + 13. List the prime factors of p(14).
83
What are the prime factors of -453*(-6)/9*3/6?
151
Let o(m) = -6*m + 14. List the prime factors of o(-9).
2, 17
Let d = -11 - -15. Suppose -a - 12 = -d*a + p, 5*p = -15. Suppose -29 + 5 = -a*n. List the prime factors of n.
2
Let d(s) = s**2 + s. Let t(l) = -9*l + 12. Let g(y) = d(y) + t(y). List the prime factors of g(8).
2, 3
Let x(c) = c**3 - c**2 - 11. Let z be x(0). Let q = z - -48. List the prime factors of q.
37
Suppose -3*n + 11 = 2*n - 4*o, -4 = -n - o. Suppose 15 = n*g - 0. What are the prime factors of g?
5
Let a = 107 - 67. What are the prime factors of a?
2, 5
Let m = 13 + -18. What are the prime factors of 0/(2 + m) + 9?
3
Suppose 0 = 3*h - 0*r + 3*r + 18, -12 = 3*r. Let j = h + 6. List the prime factors of j.
2
Let k = -423 - -594. What are the prime factors of k?
3, 19
Let s(p) = p**2 - 6*p - 6. List the prime factors of s(10).
2, 17
Let k(q) = 24*q**2 + 1. Let y be k(-1). Suppose 0 = -2*r + y - 3. List the prime factors of r.
11
Let f = 20 + -39. Let a = f - -39. List the prime factors of a.
2, 5
Let u = -6 - 24. What are the prime factors of ((-18)/(-15))/((-4)/u)?
3
Let s(h) = -h**3 + 5*h**2 - 2*h + 4. Let l be s(5). Let d(n) = 2*n - 2. Let g(z) = -7*z + 8. Let c(x) = -22*d(x) - 6*g(x). List the prime factors of c(l).
2
Suppose -3*j - 2*j = -185. What are the prime factors of j?
37
Let o = -7 + 10. Let q = 4 - o. Suppose -w = -6 - q. What are the prime factors of w?
7
Suppose 5*n - 12*n = -595. What are the prime factors of n?
5, 17
Suppose 3*s = -w + 27, -54 = -2*w - 4*s + 5*s. Let c(a) = 3*a + 4. Let n be c(-6). Let z = n + w. List the prime factors of z.
13
Suppose -f = 5*u + 2*f, -5*u - 5*f = 0. Suppose u = 2*w + 10, -5*x - 5*w + 0*w = 50. What are the prime factors of (x/(1 + -2))/1?
5
Let y = 99 + -45. What are the prime factors of y?
2, 3
Let p(u) = -45*u**3 + u**2 + 5*u. What are the prime factors of p(-2)?
2, 3, 59
Let h(c) = 2*c**2 - 3*c + 9. What are the prime factors of h(4)?
29
Let g be 2 + (-13 + 3 - 3). Let j = 2 - g. List the prime factors of j.
13
Let u(c) = 2*c**2 + 4*c + 2. Let d be u(-4). Suppose -d - 12 = -3*x. What are the prime factors of x?
2, 5
Suppose -3*b = b - 5*u - 7, -4*b = u - 13. Suppose j + 4 = k, 4*k - 2*j - 18 = b*j. List the prime factors of k.
2
Suppose 0 = m + 2 + 4. Let q = 21 + m. List the prime factors of q.
3, 5
Let n(x) = -x**2 - 24*x - 15. List the prime factors of n(-18).
3, 31
Let a = -4 + 17. Let b = -8 + a. Suppose -25 = -b*d + 30. List the prime factors of d.
11
Suppose -3*r - 2 = 4*u, -4*r = -r - 6. List the prime factors of u/1 - (-4 + -3).
5
Suppose 14 = -6*b + 176. What are the prime factors of b?
3
Suppose 0 = w + w - 82. Sup